-19 + 1 + (44 - 33) - 9) + 80.
64
Calculate 29 + (29 - (-20 + 47 + -7)).
38
What is the value of -18 + -3 - ((-24 - 67) + 40)?
30
Evaluate 16 + 1 - (3661 - 3654).
10
Calculate (9 + -6 - -101) + 8 + -12 + -1.
99
Evaluate 22 + 2 + (29 - 50) - -7.
10
What is the value of (-65 + 68 - (-33 - 0)) + -20?
16
What is (2 - 4) + 1 + -35 + (27 - 16)?
-25
Calculate -177 + 176 + (-1 - (9 + -6)) + -1 + -116.
-122
What is -13 + 1 - (23 + -27 - ((-8 - 26) + 25))?
-17
Calculate -9 + (0 - -9) + (3 - 21) + 4 - -5.
-9
What is 153 + (-102 - (133 - 199))?
117
-67 - 3 - (24 + (-31 - (27 - 37)))
-73
Calculate 24 + 79 - 91 - (72 - 3 - -3).
-60
Calculate -153 + -21 + 224 - (2 + 0 + -4 + 4).
48
What is (36 + -14 - 26) + 21 + 37?
54
What is 12 - (102 - 60) - 8 - (1 - 18)?
-21
Evaluate 5 - 4 - -2 - (0 - 6 - (-141 + 151)).
19
12 - ((19 - 16) + (2 - 11) + (129 - 38))
-73
What is the value of -47 + 2 - (-2448 + 2424)?
-21
What is -1 - -7 - (-198 - (-75 + -87))?
42
What is the value of -5 - (-32 - 12 - (-57 - -98))?
80
What is (-8 - (-65 + 0 + 15 - -13)) + 3 + 6?
38
What is -19 - (-166 + 118) - (1 + -14)?
42
Evaluate -66 + (58 - -32) - 31.
-7
56 + -122 + (1 - (5 - 10)) + 9
-51
Calculate 359 + -331 - (1 - 9).
36
What is the value of -4 + 1 + 52 + -733 + 746?
62
What is 113 - (-12 + -12 + 44 + -24 - -18)?
99
105 - (10 + 23 - -24)
48
(78 - 85) + 0 + (-5 - (1 - 0 - 51))
38
What is 0 + -2 + 9 + 31 + 5?
43
What is the value of -48 + 74 + -59 + 138?
105
Calculate 0 - (16 + -5 + 5 + -65 + -8).
57
(9 - -22) + -25 + 43 + -78
-29
What is (2 - (4 + -2)) + (11 - 10) + -72 + 35?
-36
Evaluate (-30 - 4) + (17 + 3 - -2 - (-106 + 119)).
-25
(0 - 34) + (5379 - 5397)
-52
What is the value of -70 - -33 - -30 - -5?
-2
What is 1 + 1 + -2 - -2 - (9449 - 9397)?
-50
(-199 - -494 - 307) + 0 + -86 + -1
-99
-47 + (-50 - -46) + 2
-49
Evaluate 4 + (52 - 45) + 0 + 2.
13
What is -5 + 3 - -79 - (10 + (-32 - -18))?
81
What is -1 - -5 - ((-30 + 30 - (-5 - 11)) + 54)?
-66
Calculate (-8 + (7 - (6 - 4)) - (-7 + 5)) + 43.
42
Evaluate -38 + -8 + -3 + 23 + 27.
1
What is (25 - 11) + -26 + 0 + (-26 - 0)?
-38
Evaluate (0 - -23) + -1 + (-1382 - -1304).
-56
(42 - (-47 - -101)) + 1 + -10
-21
Calculate (34 - -3) + 543 + -544.
36
Evaluate -14 + (23 - (16 - 5)) + -20.
-22
What is 3 + 110 - (-83 + 111)?
85
Evaluate -46 + 14 + (33 - 69 - -30).
-38
What is -8 + 2 + -13 + 1 + 9 + -5 + -15?
-29
What is (-29 - 17) + 41 - (41 + 4 + -3)?
-47
Evaluate 5 - -1 - ((8 - (-10 - -30)) + 41).
-23
What is -9 - (-24 + (-42 - -56) + 1 + 2 + -48)?
46
Calculate 51 + -3 + 4 - (25 - 25) - (3 - -2).
47
Evaluate -63 + 0 + -39 + 50.
-52
Calculate -74 - (2 - -15 - 107).
16
30 + -4 + (-147 - 10) - -29
-102
3 + (15 + 2 - ((100 - 75) + 15))
-20
Calculate -4 + -1 + 3 + 17 + 5 - 0.
20
Evaluate (-15 - (5 + -5 + 8 + (-34 - -1))) + -56.
-46
What is the value of -11 - -1 - (-40 - (-19 + 15 + 44))?
70
What is -6 + -2 + 1 + -53 + (35 - (32 + -4))?
-53
What is the value of -23 - (12 + -28 + 12) - -9?
-10
What is 74 + -64 + 0 + 40?
50
What is the value of -1 - (-46 - (7 + (-1 - -5)))?
56
What is -30 + (42 - (-6 + (16 - -9)))?
-7
Evaluate 37 + 0 + (194 - 273).
-42
What is the value of 433 + -371 + (5 - 104)?
-37
Calculate (3 - 10 - (-10 + 9 - 5) - 7) + -59.
-67
Evaluate (-45 - (3 - (-20 + 2 + 29))) + -9.
-46
Evaluate -92 + 1 - ((27 + -20 - -20) + -7 + -31).
-80
What is -6 + 29 + (38 - 50) - 25?
-14
What is (60 + -29 - (29 - -2)) + 46?
46
0 - -5 - (-13 - 4) - 9 - -11
24
What is the value of 88 + -42 + (3 + (0 - -1) - (-154 - -151))?
53
Calculate 0 + -53 - (-9 - -9).
-53
What is the value of -53 + (125 - 45) - 27?
0
Evaluate 27 + 59 + -55 + -7.
24
Evaluate 21 - (-1 - 1 - (-562 + 581)).
42
What is 23 + 59 + -30 + -51?
1
Evaluate 23 - (-4 - -18 - (4 + 18 + -152)).
-121
-10 + (7 + -1 - -125) + (76 - 64)
133
What is (25 - 11 - -2) + -8 + -33 - (-2 - -11)?
-34
What is (1244 - 1251) + (46 - 1)?
38
What is the value of -93 + 14 + 185 - 127?
-21
Evaluate (8 + -1 + -34 - 26) + 4 + 2.
-47
42 + (71 - 61 - 32)
20
What is 52 + 26 + -120 + (5 - (-1 + 1 - -3))?
-40
What is 23 + (-29 - (-28 + 17)) - (6 + -4 + 1)?
2
What is the value of -6 + 5 + (14 - 6) - (-47 - (33 + -19))?
68
What is 45 + (-9 - (22 + -10)) - (-68 + 5)?
87
(-45 - 1) + 89 + -47
-4
Evaluate 8 + (-24 + 34 - -27) + (2 - 15).
32
-53 + (-9 - -26) + -18
-54
Calculate 50 + 81 + -150 + 154.
135
Evaluate 13 + 6 + -11 - (8 + -11 + -2) - -51.
64
Calculate -2 - -11 - 8 - (4 + (0 + 3 - 37)).
31
Calculate 1 + -18 - (75 + (155 - 125)).
-122
What is -20 + 102 - (22 - -21)?
39
What is -26 - (-15 - 2) - (-3 - -3 - (2 - 3))?
-10
What is the value of (-5 - (1 + -6) - 0) + -30 + -2 + 23?
-9
(2 - (3 + -6)) + 29 + 9 + -40
3
What is the value of (-33 - (0 - 14)) + -23 + 26?
-16
Evaluate 66 - 33 - 34 - (-34 + (-2 - -2) + 1).
32
What is (-161 + 112 - -215) + -133?
33
Evaluate (1 - -38) + (-47 + 35 - 95).
-68
Evaluate (-21 - -4) + (23 - -12) + -11 - -7.
14
Calculate (5 - 2 - 9) + (7 - -6) + 5 + -11.
1
What is -12 + 1 - 2 - (54 - 33)?
-34
Calculate -59 + 42 + 94 + -77.
0
Calculate -1 - -54 - (43 - -6 - 52).
56
(100 - 1) + 17944 + -18128
-85
Evaluate 86 + -76 + (-9 - -4).
5
What is (8 - 9 - 3) + (5 - 0) + (66 - 50)?
17
Evaluate (-89 - 2) + 32 + 47.
-12
What is (-124 - (-89 + -35)) + 123?
123
What is the value of 9 + 0 + (13 - 10 - 17) + 16?
11
What is the value of (-5 - -4) + -3 - (19 + -103 + -31)?
111
What is 9 - (25 + -26) - (5 - (-13 - -1))?
-7
0 + 31 + (2 - (2 + -1 + -24 + 15))
41
-25 + (-3 + -8 + 4 + 6 - 3 - -4)
-25
Calculate (3 - 16) + -2 - ((37 - (-55 - -46)) + -82).
21
What is (-20 - (189 - 115)) + 99?
5
What is the value of (38 + 68 - 85) + -5?
16
Evaluate -15 + 3 + (-1 - 1) + 28572 + -28621.
-63
Evaluate -75 - (11 + (13 - -23)).
-122
Evaluate 4 + 19 + -51 + -9.
-37
Evaluate (86 - (51 - 2)) + -49.
-12
What is 2 - (0 - -4) - (-1376 - -1420)?
-46
-48 + 65 + (-1 - (23 + -5 + 12))
-14
Evaluate 329 - 315 - (-51 + -10).
75
15 - (-6 + (9 - 10) - (-5 + 14 - 17))
14
Evaluate 2964 - 2949 - (-3 + 46 - -3).
-31
Calculate 11 + (-11 + 7 + -65 - (0 - -8 - -3)).
-69
What is the value of -3 + (34 - 18 - (-3 + 4 + 0)) + -83?
-71
Calculate 39 + (336 - 340 - (2 - (0 + -1 + 9))).
41
Evaluate -42 + 6 + (-5 - -7) - (-80 - -85).
-39
Calculate -16 + (-13 + 10 + -2 - 7 - 0).
-28
Evaluate (34 + -20 - 2) + 0 + 3 + -57.
-42
3 + ((38 - 17) + -11 - (-1 + -10))
24
What is (-40 - 3 - -78) + -40?
-5
Calculate (-178 - -174) + 4 + 0.
0
What is 1 + -4 + ((2 - 2) + -6 - -17 - 11)?
-3
What is 41 - (111 + -138 - -115)?
-47
(-6 + 32 + -36 + (0 - -13) - 5) + -10
-12
What is the value of (-17 - 48 - 9) + -3 - 35?
-112
Calculate 314 + -337 + (-35 - (1 + 1)).
-60
Evaluate 120 + 50 + -24 + -74.
72
What is the value of -21 + (-20 - -28 - -22 - 7)?
2
2 + -1 - (2 + -12 + 3 + 4 + 2)
2
What is 117 + -20 + -53 - 79?
-35
What is 9 + -4 + -5 - ((-19 - -5) + -10 + -4)?
28
What is -15 - (-58 + (-67 - -62))?
48
Calculate (-1 + -3 - -2 - (31 - -28)) + (89 - 97).
-69
What is 37 - 50 - (1 + 2 + -54)?
38
What is the value of 8 + -7 + (2 - 3) - (-7 - (-3 + -6))?
-2
53 + (-149 - -67) + 83
54
What is the value of -1 + (-11 - (0 - 8 - 5) - -43)?
44
What is -88 + 22 - -63 - 18?
-21
What is the value of (21 - (22 - (-17 + 31))) + 33?
46
What is the value of 45 + 10 + 3 + -15 - (-13 + 5)?
51
What is -47 + (19 - -38 - 42)?
-32
(146 - 53) + -96 - -113
110
What is -3 + (-12 - ((-10 - 2) + 9 + -12))?
0
-1 + (-44 + 0 - -1) - (8976 - 8980)
-40
Evaluate (1 - (-2 - 15 - (34 - 39))) + -30.
-17
What is 21 + (-6 - 26) + 48?
37
Calculate (-16 - (-1 + -7 + 5) - -35) + 0.
22
What is the value of (-1 - 7) + 16 - (14 + -19) - -24?
37
Calculate 35 + (-87 - -76 - 62).
-38
What is the value of -32 - (-1 + 38 + 10 + -30)?
-49
Calculate 3 + -4 + -5 + -3 - ((-8 - 4) + -18).
21
98 + (38 + -53 - 38)
45
Evaluate -52 + -29 + 63 + 56.
38
What is the value of 2 - (20 + -42 + 14 - -5)?
5
25 + 8 + -22 - 45
-34
45 + -44 + (-1 - 4 - (-34 - -19)) - 24
-13
Evaluate -120 + 31 + (1 - 0) - -3.
-85
What is 12 - (16 + 7) - -61 - 2?
48
What is -73 + (-123 - -116) + 3 + 19?
-58
Calculate 6 - -2 - (14 + -21 + (-7 - -4) + 1).
17
Calculate 41 + (-245 - (82 + -172)).
-114
Evaluate 26 + -20 + (-6 - -2 - -1 - 35).
-32
Calculate -4 + (-1 + -9 - (47 - 27 - 30)).
-4
What is 63 - (17 + 37) - 93?
-84
Evaluate -21 + 0 + (66 + -67 - -1).
-21
What is t